{"id":157,"date":"2019-01-17T23:18:24","date_gmt":"2019-01-17T22:18:24","guid":{"rendered":"https:\/\/davidlannes.wordpress.com\/?page_id=157"},"modified":"2024-11-30T11:12:05","modified_gmt":"2024-11-30T10:12:05","slug":"proceedings","status":"publish","type":"page","link":"https:\/\/david-lannes.perso.math.cnrs.fr\/?page_id=157","title":{"rendered":"Proceedings"},"content":{"rendered":"\n<ol class=\"wp-block-list\">\n<li>G. Beck, D. Lannes, L. Weynans, <a href=\"https:\/\/hal.science\/hal-03628899\/\">Wave power farm made of many rigid floating structures in Boussinesq regime<\/a>, WAVES 2022\u201415th International Conference on Mathematical and Numerical Aspects of Wave Propagation.<\/li>\n\n\n\n<li>D. Lannes, (2019), <em>Several models for wave-structure interactions<\/em>  (Workshop on Nonlinear Water Waves)  <em> RIMS Kokyuroku<\/em>, <em>2109<\/em>, 144-155.<\/li>\n\n\n\n<li>Bonneton, P., Mouragues, A., Lannes, D., Martins, K., &amp; Michallet,  H. (2018), <em>A simple and accurate nonlinear method for recovering the  surface wave elevation from pressure measurements,<\/em> <em>Coastal Engineering Proceedings<\/em>, <em>1<\/em>(36), 46.<\/li>\n\n\n\n<li>A. Filippini, S. De Brye, V. Perrier, F. Marche, M. Ricchiuto, D. Lannes, P.  Bonneton, UHAINA : <em><a href=\"https:\/\/david-lannes.perso.math.cnrs.fr\/wp-content\/uploads\/2019\/01\/uhaina_a_parallel_high_performance_unstructured_ad1.pdf\">A parallel high performance unstructured near-shore wave model<\/a>,<\/em> Journ\u00e9es Nationales G\u00e9nie C\u00f4tier &#8211; G\u00e9nie Civil, May 2018, La Rochelle, France. Editions Paralia.<\/li>\n\n\n\n<li>A. Mouragues, P. Bonneton, D. Lannes, V. Marieu, G. Detandt, et al, <em><a href=\"https:\/\/david-lannes.perso.math.cnrs.fr\/wp-content\/uploads\/2019\/01\/as6398752420290581529569554719_content_11.pdf\">\u00c9tude comparative des m\u00e9thodes de reconstruction du champ de vagues \u00e0 partir de la mesure de pression : Application \u00e0 la plage de La Salie<\/a>,<\/em> Journ\u00e9es Nationales G\u00e9nie C\u00f4tier &#8211; G\u00e9nie Civil, May 2018, La Rochelle, France. Editions Paralia, XV\u00e8mes Journ\u00e9es Nationales G\u00e9nie C\u00f4tier.<\/li>\n\n\n\n<li>M. Tissier, P. Bonneton, G. Ruessink, F. Marche, F. Chazel, and D. Lannes, <em>Fully nonlinear Boussinesq-type modelling of infragravity wave transformation over a low-sloping beach<\/em>.<em> <\/em>Proc. 33rd Int. Conf. on Coastal Eng, 2012.<\/li>\n\n\n\n<li>D. Lannes, <em> <a href=\"https:\/\/david-lannes.perso.math.cnrs.fr\/wp-content\/uploads\/2019\/01\/kyoto.pdf\">Kelvin-Helmholtz instabilities and interfacial waves<\/a><\/em>, RIMS K\u00f4ky\u00f4roku Series, 2012. <\/li>\n\n\n\n<li> F. Marche, P. Bonneton, M. Tissier, D. Lannes, F. Chazel,  <em> <a href=\"https:\/\/david-lannes.perso.math.cnrs.fr\/wp-content\/uploads\/2019\/01\/hawai.pdf\">Optimized Green-Naghdi equations for the modelling of waves nearshore transformations<\/a> <\/em>, Proceedings of the Twenty-first International Offshore and Polar Engineering Conference Maui, Hawaii, USA, June 19-24, 2011.  <\/li>\n\n\n\n<li>M. Tissier, P. Bonneton, F. Marche, F. Chazel, D. Lannes <em><a href=\"https:\/\/david-lannes.perso.math.cnrs.fr\/wp-content\/uploads\/2019\/01\/procicce-1.pdf\">Serre Green-Naghdi modelling of wave transformation, breaking and  runup using a high order finite-volume finite-difference scheme<\/a>,<\/em> Proceeding of the  32nd International Conference on Coastal Engineering (ICCE 2010) <\/li>\n\n\n\n<li>D. Lannes, <em><a href=\"https:\/\/david-lannes.perso.math.cnrs.fr\/wp-content\/uploads\/2019\/01\/lannesx2009.pdf\">Derivation and mathematical analysis of a nonlocal model for large amplitude internal waves<\/a><\/em>, S\u00e9minaire \u00c9quations aux d\u00e9riv\u00e9es partielles (Polytechnique)  (2008-2009), Exp. No. 7, 19 p. <\/li>\n\n\n\n<li>J. Bona, D. Lannes, J.-S. Saut <em> <a href=\"https:\/\/david-lannes.perso.math.cnrs.fr\/wp-content\/uploads\/2019\/01\/evian_lannes.pdf\">Asymptotic behaviors of internal waves,<\/a> <\/em> Journ\u00e9ees \u00e9quations aux d\u00e9riv\u00e9es partielles, Evian (2008). <\/li>\n\n\n\n<li>D. Lannes <em><a href=\"https:\/\/david-lannes.perso.math.cnrs.fr\/wp-content\/uploads\/2019\/01\/x2004c.pdf\">Sur le caract\u00e8re bien pos\u00e9 des Equations d&rsquo;Euler avec surface libre,<\/a> <\/em>S\u00e9minaire EDP, Ecole Polytechnique, Expos\u00e9 No. XIV (2004).<\/li>\n\n\n\n<li>J. Bona, T. Colin, D. Lannes <em>Long-Waves Approximation for Water-Waves, <\/em>2nd France-Tunisia meeting, Mathematical and Numerical aspects of wave propagation, 6th international conference, Jyvsaskyla, Finland, 30. June-4 July, 2003, Springer.<\/li>\n\n\n\n<li>R. Carles, D. Lannes <em><a href=\"https:\/\/david-lannes.perso.math.cnrs.fr\/wp-content\/uploads\/2019\/01\/caustic-1.pdf\">Focusing at a point with caustic crossing for a class of nonlinear equations,<\/a> <\/em>2nd France-Tunisia meeting, S\u00e9minaires et Congr\u00e8s.<\/li>\n\n\n\n<li>D. Lannes <em><a href=\"https:\/\/david-lannes.perso.math.cnrs.fr\/wp-content\/uploads\/2019\/01\/kpcons.pdf\">Consistency of the KP Approximation,<\/a><\/em> Proceedings of the 4th International Conference on Dynamical Systems and Differential Equations, May 24-27, 2002, Wilmington, NC, USA, 517-525. <\/li>\n\n\n\n<li>D. Lannes <em>Continuous oscillating spectrum and Raman scattering,<\/em> Mathematical and numerical aspects of wave propagation. 5th international conference, Santiago de Compostela, Spain, July 10-14, 2000. Philadelphia, PA: SIAM, 334-338 (2000).<\/li>\n\n\n\n<li>D. Lannes <em>Redressement optique,<\/em> S\u00e9minaire Equations aux D\u00e9riv\u00e9es Partielles, Ecole Polytechnique, Expos\u00e9 No XV (2000).<\/li>\n<\/ol>\n","protected":false},"excerpt":{"rendered":"","protected":false},"author":1,"featured_media":0,"parent":0,"menu_order":0,"comment_status":"closed","ping_status":"closed","template":"","meta":{"footnotes":""},"class_list":["post-157","page","type-page","status-publish","hentry"],"_links":{"self":[{"href":"https:\/\/david-lannes.perso.math.cnrs.fr\/index.php?rest_route=\/wp\/v2\/pages\/157","targetHints":{"allow":["GET"]}}],"collection":[{"href":"https:\/\/david-lannes.perso.math.cnrs.fr\/index.php?rest_route=\/wp\/v2\/pages"}],"about":[{"href":"https:\/\/david-lannes.perso.math.cnrs.fr\/index.php?rest_route=\/wp\/v2\/types\/page"}],"author":[{"embeddable":true,"href":"https:\/\/david-lannes.perso.math.cnrs.fr\/index.php?rest_route=\/wp\/v2\/users\/1"}],"replies":[{"embeddable":true,"href":"https:\/\/david-lannes.perso.math.cnrs.fr\/index.php?rest_route=%2Fwp%2Fv2%2Fcomments&post=157"}],"version-history":[{"count":5,"href":"https:\/\/david-lannes.perso.math.cnrs.fr\/index.php?rest_route=\/wp\/v2\/pages\/157\/revisions"}],"predecessor-version":[{"id":481,"href":"https:\/\/david-lannes.perso.math.cnrs.fr\/index.php?rest_route=\/wp\/v2\/pages\/157\/revisions\/481"}],"wp:attachment":[{"href":"https:\/\/david-lannes.perso.math.cnrs.fr\/index.php?rest_route=%2Fwp%2Fv2%2Fmedia&parent=157"}],"curies":[{"name":"wp","href":"https:\/\/api.w.org\/{rel}","templated":true}]}}